w**2 + w + w - 4*w**2 + 3. What is b(3)?
0
Let f(u) be the third derivative of -u**6/120 + u**5/12 + u**4/4 - 5*u**3/6 + 10*u**2. What is f(6)?
-5
Let d(n) = -n**3 - 4*n**2 + 3*n - 1. Let o be (-12)/4 - (-2)/(-8)*0. What is d(o)?
-19
Suppose 5*t = -92 + 1542. Let r(n) = -t*n + 290*n + 2 + n**2. Calculate r(-2).
6
Let v(d) be the second derivative of d**4/24 - d**3/6 - 2*d**2 - 5*d. Let m(b) be the first derivative of v(b). Determine m(2).
1
Let q(c) = 2*c - 1. Suppose -y = 5*k - 11, 5*k - 5 = -4*y + 9. Let r be 5/(-10)*k*1. Let v = r - -3. Determine q(v).
3
Let v(r) = -r + 7. Let p be v(7). Suppose p = -6*m + m. Let y(x) = 4*x - x**2 + m*x**2 - x**2 - 3. Determine y(3).
-9
Let y(k) be the first derivative of k**4/4 + 2*k**3/3 + k**2/2 - 2*k - 7. Calculate y(-2).
-4
Let s be ((-3)/6)/(2/(-84)). Let j(d) = -s*d - 3 + 8*d + 10*d. Determine j(-3).
6
Let b(z) = -z**3 - 5*z**2 - 7*z - 5. Let f(l) = l**2 - l + 2. Let t be f(2). Suppose -19 = t*m - 3. What is b(m)?
7
Let h(g) be the third derivative of g**4/24 + 3*g**3/2 - 32*g**2. Calculate h(-8).
1
Let m(j) = 20*j - 19 - 10 + 7. Let q(y) = y**3 + 5*y**2 - 8*y - 8. Let a be q(-6). Let u(g) = -g + 1. Let p(o) = a*m(o) + 88*u(o). Give p(-1).
8
Let a(l) = -l**2 + 13*l. Let q(w) = 2*w**2 - 14*w. Let i(f) = 4*a(f) + 3*q(f). Determine i(-7).
28
Let l(h) = -h**3 + 2*h**2 - 2*h + 3. Let o be l(2). Let n = o - -1. Suppose q + n - 3 = 0. Let s(b) = -b**2 + 2*b - 2. Calculate s(q).
-5
Let v(j) = -7*j + 2. Let a(r) = 6*r - 2. Let d(z) = -6*a(z) - 5*v(z). Let n be ((-2)/(2/3))/(-1). Suppose -3*l - 17 = 2*y, -n*y - 15 = l - 0*l. Calculate d(l).
5
Suppose 7*y - 5*y + 4 = 0. Let w(p) = p**3 - p**2 + p + 1. Determine w(y).
-13
Suppose -4*q = -2*d - 8, 0*d + 8 = 2*q - 3*d. Let v(n) = 12*n**3 + n**2 - n. What is v(q)?
12
Suppose x + 3*k + 1 = k, 3*k + 9 = 0. Let n = x - 5. Suppose -4*q + q = n. Let y(v) = -v**3 - v**2 - v - 7. Calculate y(q).
-7
Suppose 510 = 5*s + 2*v, 0 = -0*s - 2*s - v + 205. Suppose 2*l - s = -3*l. Suppose -5*h = -h - l. Let r(y) = -y**2 + 6*y - 6. Determine r(h).
-1
Let f(h) = 6*h**2 - 4*h + 5. Let m(a) = -3 + 9*a - 11*a**2 - 7 - 1. Let y(w) = 9*f(w) + 4*m(w). Calculate y(-1).
11
Suppose -4*g = 14 + 10. Let w(f) = f**2 + 8*f + 7. Give w(g).
-5
Let k(i) = 2*i + 1. Let o(d) = 3*d + 1. Let t(b) = 5*k(b) - 3*o(b). Let v be t(3). Let f(n) = n**3 - 6*n**2 + 6*n - 7. Give f(v).
-2
Let z(w) = -w**3 + 6*w**2 + 5*w + 6. Let u(g) = -g. Let f be u(2). Let r(d) be the first derivative of d**3/3 + 1. Let b(j) = f*r(j) + z(j). What is b(5)?
6
Let u(g) = -g**2 - 3*g + 6. Let x = -12 - -7. Give u(x).
-4
Let x(m) = m**3 - 2*m - 2. Let z = 11 + -15. Let h be z + 5/((-15)/(-6)). Determine x(h).
-6
Let g(b) = -b**2 - 3*b - 2. Suppose 8*o = 4*o. Let t = o - 3. Give g(t).
-2
Let j(u) = u**2 + 5*u - 6. Suppose c = 4*c + 21. Determine j(c).
8
Let g(v) = 4 - 3 + 2*v + 2*v. Let o be (1 + (-5 - 1))*-5. Suppose -j + 4*w = -18, 5*w + o = -j + 7. Give g(j).
9
Let s(y) be the second derivative of -5*y**3/6 + 23*y + 1. Give s(-1).
5
Let u(y) = -3*y + 4. Let d be 10 + (-2 - (-1 + 1)). Let z = -11 + d. Calculate u(z).
13
Let q(p) = 5*p**3 - 19*p**2 - 21*p - 7. Let o(r) = 2*r**3 - 9*r**2 - 10*r - 3. Let z(c) = 7*o(c) - 3*q(c). Give z(-5).
10
Let r(z) = -z**2 + z + 0*z**3 - 4 + 2*z**3 - 3*z**3. Let l = 0 - -1. Let k be (0/(-4))/(0 - l). Give r(k).
-4
Suppose -o = 4 - 2. Let q(h) = -h**3 + 3*h + 2. What is q(o)?
4
Let p(g) = -g**2 - 4*g + 1. Let f = 0 + -3. Determine p(f).
4
Suppose 0 = 4*t - 0*t - 20, 2*t - 40 = -5*d. Let f = -11 + d. Let s(a) be the second derivative of -a**4/12 - 5*a**3/6 + 3*a**2 - a. Calculate s(f).
6
Let l(r) = 2*r + 3. Suppose 0*n - n = -8. Let b(q) = -q**3 - 6*q**2 - q - 6. Let y be b(-6). Suppose -3*c - 12 = p - 2*p, 2*c - 5*p + n = y. Give l(c).
-5
Suppose 4*d - 5*d = -2. Let q(c) = c**2 - 5*c - 4 - 2*c**2 + 3 - d. Calculate q(-5).
-3
Suppose 10 = -3*a - 4*p - 0, 0 = -a + p + 6. Let y(d) = a*d - d - 1 - 6*d**3 - 2*d**2 + 5*d**3. Let n(l) = -l**3 + 6*l**2 + 4*l + 18. Let z be n(7). Give y(z).
5
Let z(i) = i - 3. Suppose -2*j = -2*c - j - 11, 3*c = -3*j - 12. What is z(c)?
-8
Let g(t) = 7 - 25 + 12 + t + 2*t. Determine g(7).
15
Let c(d) = -29*d**2 - 3*d - 3 + 27*d**2 + 5. Let o = -11 + 8. Give c(o).
-7
Let h(m) = m**3 + 7*m**2 + 4*m. Let s be (0 + -1)*(-24)/(-4). Let j be h(s). Suppose 6*l = 3*l + j. Let r(q) = -q + 1. Calculate r(l).
-3
Let z(a) = -a**2 - 5*a + 1. Let h(x) = x**2 + 7*x + 3. Let c be h(-6). Let k(d) = -2*d**2 - 3*d + 3. Let g be k(c). Determine z(g).
-5
Let i(n) = -2*n - 4. Let u(v) = v**2 + 11*v - 11. Let t be u(-13). Let o = -21 + t. Calculate i(o).
8
Let b = 3 - -1. Suppose 0 = 4*v - b. Let a(r) = -7*r. Let u(m) = -8*m. Let w(k) = 5*a(k) - 4*u(k). Calculate w(v).
-3
Let g(b) be the third derivative of b**4/6 - b**3/6 - 6*b**2. Determine g(1).
3
Let i(w) = 2*w**3 + 6*w**2 - 6*w - 5. Let a(t) = 3*t**3 + 12*t**2 - 11*t - 9. Let r(q) = 3*a(q) - 5*i(q). Give r(5).
8
Suppose 2*o - i + 66 = 3*i, 4*o + 3*i = -99. Let x be ((-4)/6)/((-3)/o). Let j(z) = -z**2 - 6*z - 3. What is j(x)?
-3
Let i(x) be the first derivative of -17*x**3/3 + x**2/2 + x - 6. What is i(-1)?
-17
Let w(u) = u**3 - 6*u**2 + 4*u + 4. Let p = -19 + 13. Let g be 4/p - 34/(-6). Give w(g).
-1
Let y(i) = -117 + 121 - i + 3*i. What is y(-6)?
-8
Let m(z) = 4*z - 129 + 125 + 2*z. Determine m(3).
14
Let j(c) = 2*c - c - 2*c**2 - c**2 - c**3 + 4 + 0*c**2. Give j(-4).
16
Let q(t) = 3*t - 186 - 2*t + 182. Give q(5).
1
Let z(v) = v**3 + 5*v**2 + 4*v + 4. Let r be -10 + 2 + 1 + 4. Calculate z(r).
10
Let z(y) be the third derivative of y**7/5040 - y**6/180 + y**5/10 - 4*y**2. Let t(c) be the third derivative of z(c). What is t(6)?
2
Suppose -l - 5 = x - 4*l, -3*x + 29 = 2*l. Let p(a) = -2*a + 72 - 32 - 30. Determine p(x).
-4
Let a(b) = b**2 + 1. Suppose 2*j + 0*j - 8 = 0. Suppose -v + 0*v = -p - 14, v = -p + j. Let l = -9 + v. Determine a(l).
1
Suppose 5*g = 4*o - 47, -2*o = -g + 4*g - 7. Let j(t) = 3*t + 3*t - o*t. Determine j(-1).
2
Let b(r) = -r**3 - 3*r**2 + r - 1. Suppose -53*d = -50*d + 9. What is b(d)?
-4
Let w(c) = 4*c**2 - 2*c - 1. Let n be 51/12 - 4/16. Let s = -5 + n. Give w(s).
5
Suppose 12 = 38*d - 42*d. Let u(s) = -s + 4. Give u(d).
7
Let b(n) be the second derivative of n**4/12 - 5*n**3/6 + 3*n**2 + 14*n + 2. Give b(8).
30
Let q(r) be the first derivative of r**6/360 - r**5/120 + 5*r**4/24 + r**3/3 + 3. Let t(c) be the third derivative of q(c). Give t(0).
5
Let l(d) = d**3 - 3*d**2 - 4*d - 1. Let y = -7 + 10. Calculate l(y).
-13
Suppose -10 = -8*u + 6. Let s = 3 - 1. Let z(f) = 0 - 4*f + 3*f + 1 + 2*f**s. Give z(u).
7
Let i(f) be the first derivative of -3*f**3 + f - 20. Suppose 5*q + 1 = 6*q. Calculate i(q).
-8
Let j be ((-16)/4)/((-2)/5). Let x(n) = n - j - n**2 - 4*n**2 - 5*n + 11 - n**3. What is x(-3)?
-5
Let h(x) = x**3 - 4*x**2 + 2. Let m = 18 - 13. Let c be (1 + m)/((-6)/(-4)). Determine h(c).
2
Let r = 6 + -6. Let u = r - 1. Let p be (6/(-4))/(u/2). Let i(x) = -2*x**2 + 3*x + 1. Determine i(p).
-8
Let m(y) = -y + 1 - 3 + 2 + 1. Let c = -7 - -12. Suppose 20 = -0*q + c*q. Give m(q).
-3
Let q(r) = -4*r - 1. Suppose 6 = 3*y + 2*u, 0*u = 5*u. Let d be 0 + (3 - y)*-2. Let w be ((-1)/(-2))/1*d. Calculate q(w).
3
Let p(w) = w. Let z(v) = 7*v + 1. Let s(o) = 6*p(o) - z(o). Determine s(-1).
0
Let a(c) = c + 1. Let n(g) = -g**2 - 5*g - 8. Let y(s) = 4*a(s) + n(s). Suppose 4*i + 50 + 53 = v, 47 = -2*i - v. Let h be 3/(-5) - 15/i. Give y(h).
-4
Let p(b) = -b**3 - b - 1. Let o(m) = m**3 + m**2 - m + 1. Suppose -5*a + 1 = 6. Let c(k) = a*p(k) - 2*o(k). What is c(-3)?
-1
Let j(f) = f**3 + f**2 - f + 12. Let d(v) = v**2 - v - 1. Let x(k) = k**3 + 2*k**2 - 2*k + 12. Let l(y) = d(y) - x(y). Let c(w) = -5*j(w) - 4*l(w). Give c(0).
-8
Let o(m) = -m**2 + 3*m - 5. Let q(b) = -b**2 - 7*b - 2. Suppose 0 = -v - 3*v - 24. Let z be q(v). Give o(z).
-9
Let q(x) be the second derivative of -x**3/3 + 3*x**2 + x. Suppose -4*c = -9*c + 25. Calculate q(c).
-4
Let r(g) be the first derivative of -g**5/60 - 7*g**4/24 + g**3/3 - 6. Let b(x) be the third derivative of r(x). Determine b(-5).
3
Let d(c) be the second derivative of -1/2*c**2 - 4*c + 1/12*c**4 - 1/3*c**3 + 0. Let q(s) = s**2 + 6*s + 4. Let i be q(-6). Give d(i).
7
Let o(z) be the third deriv